{"id":60,"date":"2010-12-05T11:22:28","date_gmt":"2010-12-05T10:22:28","guid":{"rendered":"http:\/\/svwolfersweiler.de\/blog"},"modified":"2026-03-15T08:09:47","modified_gmt":"2026-03-15T07:09:47","slug":"forderverein","status":"publish","type":"page","link":"https:\/\/svwolfersweiler.de\/blog\/forderverein\/","title":{"rendered":"F\u00f6rderverein"},"content":{"rendered":"<p>Der F\u00f6rderverein des SV Wolfersweiler e.V. ist eine wichtige St\u00fczte in der Vereinsarbeit und tr\u00e4gt mit dem SVW Echo, diversen Festen und Veranstaltungen zum wirtschaftlichen Erfolg des SV Wolfersweiler bei. Ohne den F\u00f6rderverein und deren engagierte Vorstandsmitglieder w\u00e4re eine Finanzierung wie der Bau des Kunstrasensplatzes nicht m\u00f6glich. Veranstaltungen, die der F\u00f6rderverein durchf\u00fchrt, findet ihr unter dem Reiter &#8222;Veranstaltungen&#8220; im Hauptmen\u00fc.<\/p>\n<p>Der Vorstand setzt sich aktuell wie folgt zusammen:<\/p>\n<p><strong>1.Vorsitzender<\/strong><\/p>\n<p>Stefan Strack<br \/>\nTel.: 0170 \/ 2973184<br \/>\nEmail: stefan150181 (at) googlemail.com<\/p>\n<p><strong>2. Vorsitzender<\/strong><\/p>\n<p>Marco Gei\u00df<br \/>\nTel.: 06852 \/ 802 802<br \/>\nEmail: <span class=\"gD\">mbm.geiss (at) t-online.de<\/span><\/p>\n<p><strong>Schriftf\u00fchrerin<\/strong><\/p>\n<p>Kirsten Berger<br \/>\nTel.: 0151 \/ 20683686<br \/>\nEmail:<\/p>\n<p><strong>Kassiererin<\/strong><\/p>\n<p>Kerstin Gisch<br \/>\nTel.: 06852 \/ 590<br \/>\nEmail.:<\/p>\n<p>&nbsp;<\/p>\n","protected":false},"excerpt":{"rendered":"<p>Der F\u00f6rderverein des SV Wolfersweiler e.V. ist eine wichtige St\u00fczte in der Vereinsarbeit und tr\u00e4gt mit dem SVW Echo, diversen Festen und Veranstaltungen zum wirtschaftlichen Erfolg des SV Wolfersweiler bei. Ohne den F\u00f6rderverein und deren engagierte Vorstandsmitglieder w\u00e4re eine Finanzierung wie der Bau des Kunstrasensplatzes nicht m\u00f6glich. Veranstaltungen, die der F\u00f6rderverein durchf\u00fchrt, findet ihr unter dem Reiter &#8222;Veranstaltungen&#8220; im Hauptmen\u00fc. Der Vorstand setzt sich aktuell wie folgt zusammen: 1.Vorsitzender Stefan Strack Tel.: 0170 \/ 2973184 Email: stefan150181 (at) googlemail.com 2. Vorsitzender Marco Gei\u00df Tel.: 06852 \/ 802 802 Email: mbm.geiss (at) t-online.de Schriftf\u00fchrerin Kirsten Berger Tel.: 0151 \/ 20683686 Email: Kassiererin Kerstin Gisch Tel.: 06852 \/ 590 Email.: &nbsp;<\/p>\n","protected":false},"author":1,"featured_media":0,"parent":0,"menu_order":8,"comment_status":"closed","ping_status":"closed","template":"","meta":{"_crdt_document":"","footnotes":""},"class_list":["post-60","page","type-page","status-publish","hentry"],"_links":{"self":[{"href":"https:\/\/svwolfersweiler.de\/blog\/wp-json\/wp\/v2\/pages\/60","targetHints":{"allow":["GET"]}}],"collection":[{"href":"https:\/\/svwolfersweiler.de\/blog\/wp-json\/wp\/v2\/pages"}],"about":[{"href":"https:\/\/svwolfersweiler.de\/blog\/wp-json\/wp\/v2\/types\/page"}],"author":[{"embeddable":true,"href":"https:\/\/svwolfersweiler.de\/blog\/wp-json\/wp\/v2\/users\/1"}],"replies":[{"embeddable":true,"href":"https:\/\/svwolfersweiler.de\/blog\/wp-json\/wp\/v2\/comments?post=60"}],"version-history":[{"count":8,"href":"https:\/\/svwolfersweiler.de\/blog\/wp-json\/wp\/v2\/pages\/60\/revisions"}],"predecessor-version":[{"id":2639,"href":"https:\/\/svwolfersweiler.de\/blog\/wp-json\/wp\/v2\/pages\/60\/revisions\/2639"}],"wp:attachment":[{"href":"https:\/\/svwolfersweiler.de\/blog\/wp-json\/wp\/v2\/media?parent=60"}],"curies":[{"name":"wp","href":"https:\/\/api.w.org\/{rel}","templated":true}]}}